{"id":336,"date":"2024-12-20T12:11:47","date_gmt":"2024-12-20T11:11:47","guid":{"rendered":"http:\/\/agrimott.fr\/?page_id=336"},"modified":"2025-06-05T16:32:59","modified_gmt":"2025-06-05T14:32:59","slug":"vis-a-empreinte-cruciforme","status":"publish","type":"page","link":"http:\/\/agrimott.fr\/index.php\/vis-a-empreinte-cruciforme\/","title":{"rendered":"Vis M\u00e9taux \u00e0 T\u00eate Frais\u00e9e"},"content":{"rendered":"\n<div class=\"wp-block-columns is-layout-flex wp-container-core-columns-is-layout-9d6595d7 wp-block-columns-is-layout-flex\">\n<div class=\"wp-block-column is-layout-flow wp-block-column-is-layout-flow\">\n<div class=\"wp-block-buttons is-layout-flex wp-block-buttons-is-layout-flex\">\n<div class=\"wp-block-button\"><a class=\"wp-block-button__link has-white-color has-cyan-bluish-gray-background-color has-text-color has-background has-link-color wp-element-button\" style=\"font-style:normal;font-weight:500\">T\u00eate Frais\u00e9e \u00e0 Empreinte Cruciforme DIN 965 Zingu\u00e9<\/a><\/div>\n<\/div>\n\n\n<div class=\"wp-block-image\">\n<figure class=\"aligncenter size-full\"><img loading=\"lazy\" decoding=\"async\" width=\"660\" height=\"660\" src=\"http:\/\/agrimott.fr\/wp-content\/uploads\/2024\/12\/vis-tete-fraisee-empreinte-philips-zingue-din-965.png\" alt=\"\" class=\"wp-image-339\" srcset=\"http:\/\/agrimott.fr\/wp-content\/uploads\/2024\/12\/vis-tete-fraisee-empreinte-philips-zingue-din-965.png 660w, http:\/\/agrimott.fr\/wp-content\/uploads\/2024\/12\/vis-tete-fraisee-empreinte-philips-zingue-din-965-300x300.png 300w, http:\/\/agrimott.fr\/wp-content\/uploads\/2024\/12\/vis-tete-fraisee-empreinte-philips-zingue-din-965-150x150.png 150w\" sizes=\"auto, (max-width: 660px) 100vw, 660px\" \/><\/figure>\n<\/div><\/div>\n\n\n\n<div class=\"wp-block-column is-layout-flow wp-block-column-is-layout-flow\">\n<div class=\"wp-block-buttons is-layout-flex wp-block-buttons-is-layout-flex\">\n<div class=\"wp-block-button\"><a class=\"wp-block-button__link has-white-color has-pale-cyan-blue-background-color has-text-color has-background has-link-color wp-element-button\" style=\"font-style:normal;font-weight:500\">T\u00eate Frais\u00e9e \u00e0 Empreinte Cruciforme DIN 965 INOX A2<\/a><\/div>\n<\/div>\n\n\n<div class=\"wp-block-image\">\n<figure class=\"aligncenter size-full is-resized\"><img loading=\"lazy\" decoding=\"async\" width=\"800\" height=\"800\" src=\"http:\/\/agrimott.fr\/wp-content\/uploads\/2024\/12\/TFHA2-0000.jpg\" alt=\"\" class=\"wp-image-337\" style=\"width:250px\" srcset=\"http:\/\/agrimott.fr\/wp-content\/uploads\/2024\/12\/TFHA2-0000.jpg 800w, http:\/\/agrimott.fr\/wp-content\/uploads\/2024\/12\/TFHA2-0000-300x300.jpg 300w, http:\/\/agrimott.fr\/wp-content\/uploads\/2024\/12\/TFHA2-0000-150x150.jpg 150w, http:\/\/agrimott.fr\/wp-content\/uploads\/2024\/12\/TFHA2-0000-768x768.jpg 768w\" sizes=\"auto, (max-width: 800px) 100vw, 800px\" \/><\/figure>\n<\/div><\/div>\n\n\n\n<div class=\"wp-block-column is-layout-flow wp-block-column-is-layout-flow\">\n<div class=\"wp-block-buttons is-layout-flex wp-block-buttons-is-layout-flex\">\n<div class=\"wp-block-button\"><a class=\"wp-block-button__link has-white-color has-vivid-cyan-blue-background-color has-text-color has-background has-link-color wp-element-button\" style=\"font-style:normal;font-weight:500\">T\u00eate Frais\u00e9e \u00e0 empreinte cruciforme DIN 965 INOX A4<\/a><\/div>\n<\/div>\n\n\n<div class=\"wp-block-image\">\n<figure class=\"aligncenter size-full is-resized\"><img loading=\"lazy\" decoding=\"async\" width=\"800\" height=\"800\" src=\"http:\/\/agrimott.fr\/wp-content\/uploads\/2024\/12\/TFHA2-0000.jpg\" alt=\"\" class=\"wp-image-337\" style=\"width:250px\" srcset=\"http:\/\/agrimott.fr\/wp-content\/uploads\/2024\/12\/TFHA2-0000.jpg 800w, http:\/\/agrimott.fr\/wp-content\/uploads\/2024\/12\/TFHA2-0000-300x300.jpg 300w, http:\/\/agrimott.fr\/wp-content\/uploads\/2024\/12\/TFHA2-0000-150x150.jpg 150w, http:\/\/agrimott.fr\/wp-content\/uploads\/2024\/12\/TFHA2-0000-768x768.jpg 768w\" sizes=\"auto, (max-width: 800px) 100vw, 800px\" \/><\/figure>\n<\/div><\/div>\n<\/div>\n\n\n\n<div class=\"wp-block-columns is-layout-flex wp-container-core-columns-is-layout-9d6595d7 wp-block-columns-is-layout-flex\">\n<div class=\"wp-block-column is-layout-flow wp-block-column-is-layout-flow\">\n<div class=\"wp-block-buttons is-layout-flex wp-block-buttons-is-layout-flex\">\n<div class=\"wp-block-button\"><a class=\"wp-block-button__link has-white-color has-cyan-bluish-gray-background-color has-text-color has-background has-link-color wp-element-button\" style=\"font-style:normal;font-weight:500\">T\u00eate Frais\u00e9e \u00e0 Empreinte TX            DIN 965 Zingu\u00e9<\/a><\/div>\n<\/div>\n\n\n<div class=\"wp-block-image\">\n<figure class=\"aligncenter size-full is-resized\"><img loading=\"lazy\" decoding=\"async\" width=\"882\" height=\"630\" src=\"http:\/\/agrimott.fr\/wp-content\/uploads\/2024\/12\/img_2018-07-27_11-16-54_d8928e337391a5d0d29a796756773d2f.webp\" alt=\"\" class=\"wp-image-347\" style=\"width:250px\" srcset=\"http:\/\/agrimott.fr\/wp-content\/uploads\/2024\/12\/img_2018-07-27_11-16-54_d8928e337391a5d0d29a796756773d2f.webp 882w, http:\/\/agrimott.fr\/wp-content\/uploads\/2024\/12\/img_2018-07-27_11-16-54_d8928e337391a5d0d29a796756773d2f-300x214.webp 300w, http:\/\/agrimott.fr\/wp-content\/uploads\/2024\/12\/img_2018-07-27_11-16-54_d8928e337391a5d0d29a796756773d2f-768x549.webp 768w\" sizes=\"auto, (max-width: 882px) 100vw, 882px\" \/><\/figure>\n<\/div><\/div>\n\n\n\n<div class=\"wp-block-column is-layout-flow wp-block-column-is-layout-flow\">\n<div class=\"wp-block-buttons is-layout-flex wp-block-buttons-is-layout-flex\">\n<div class=\"wp-block-button\"><a class=\"wp-block-button__link has-white-color has-pale-cyan-blue-background-color has-text-color has-background has-link-color wp-element-button\" style=\"font-style:normal;font-weight:500\">T\u00eate Frais\u00e9e \u00e0 Empreinte TX            DIN 965 INOX A2<\/a><\/div>\n<\/div>\n\n\n<div class=\"wp-block-image\">\n<figure class=\"aligncenter size-full is-resized\"><img loading=\"lazy\" decoding=\"async\" width=\"400\" height=\"400\" src=\"http:\/\/agrimott.fr\/wp-content\/uploads\/2024\/12\/visserie-fixation-vis-metaux-tete-fraisee-tfx-torx-inox-a2-iso-14581-express-service-1825-1825-1825-1825.webp\" alt=\"\" class=\"wp-image-348\" style=\"width:172px;height:auto\" srcset=\"http:\/\/agrimott.fr\/wp-content\/uploads\/2024\/12\/visserie-fixation-vis-metaux-tete-fraisee-tfx-torx-inox-a2-iso-14581-express-service-1825-1825-1825-1825.webp 400w, http:\/\/agrimott.fr\/wp-content\/uploads\/2024\/12\/visserie-fixation-vis-metaux-tete-fraisee-tfx-torx-inox-a2-iso-14581-express-service-1825-1825-1825-1825-300x300.webp 300w, http:\/\/agrimott.fr\/wp-content\/uploads\/2024\/12\/visserie-fixation-vis-metaux-tete-fraisee-tfx-torx-inox-a2-iso-14581-express-service-1825-1825-1825-1825-150x150.webp 150w\" sizes=\"auto, (max-width: 400px) 100vw, 400px\" \/><\/figure>\n<\/div><\/div>\n\n\n\n<div class=\"wp-block-column is-layout-flow wp-block-column-is-layout-flow\">\n<div class=\"wp-block-buttons is-layout-flex wp-block-buttons-is-layout-flex\">\n<div class=\"wp-block-button\"><a class=\"wp-block-button__link has-white-color has-vivid-cyan-blue-background-color has-text-color has-background has-link-color wp-element-button\" style=\"font-style:normal;font-weight:500\">T\u00eate Frais\u00e9e \u00e0 Empreinte TX            DIN 965 INOX A4<\/a><\/div>\n<\/div>\n\n\n<div class=\"wp-block-image\">\n<figure class=\"aligncenter size-full is-resized\"><img loading=\"lazy\" decoding=\"async\" width=\"400\" height=\"400\" src=\"http:\/\/agrimott.fr\/wp-content\/uploads\/2024\/12\/visserie-fixation-vis-metaux-tete-fraisee-tfx-torx-inox-a2-iso-14581-express-service-1825-1825-1825-1825.webp\" alt=\"\" class=\"wp-image-348\" style=\"width:172px;height:auto\" srcset=\"http:\/\/agrimott.fr\/wp-content\/uploads\/2024\/12\/visserie-fixation-vis-metaux-tete-fraisee-tfx-torx-inox-a2-iso-14581-express-service-1825-1825-1825-1825.webp 400w, http:\/\/agrimott.fr\/wp-content\/uploads\/2024\/12\/visserie-fixation-vis-metaux-tete-fraisee-tfx-torx-inox-a2-iso-14581-express-service-1825-1825-1825-1825-300x300.webp 300w, http:\/\/agrimott.fr\/wp-content\/uploads\/2024\/12\/visserie-fixation-vis-metaux-tete-fraisee-tfx-torx-inox-a2-iso-14581-express-service-1825-1825-1825-1825-150x150.webp 150w\" sizes=\"auto, (max-width: 400px) 100vw, 400px\" \/><\/figure>\n<\/div><\/div>\n<\/div>\n\n\n\n<p class=\"has-text-align-center has-medium-font-size\"><strong>Fiche Technique DIN 965<\/strong><\/p>\n\n\n<div class=\"wp-block-image\">\n<figure class=\"aligncenter size-full\"><img loading=\"lazy\" decoding=\"async\" width=\"794\" height=\"880\" src=\"http:\/\/agrimott.fr\/wp-content\/uploads\/2025\/02\/R-1.jpg\" alt=\"\" class=\"wp-image-473\" srcset=\"http:\/\/agrimott.fr\/wp-content\/uploads\/2025\/02\/R-1.jpg 794w, http:\/\/agrimott.fr\/wp-content\/uploads\/2025\/02\/R-1-271x300.jpg 271w, http:\/\/agrimott.fr\/wp-content\/uploads\/2025\/02\/R-1-768x851.jpg 768w\" sizes=\"auto, (max-width: 794px) 100vw, 794px\" \/><\/figure>\n<\/div>\n\n\n<div class=\"wp-block-columns is-layout-flex wp-container-core-columns-is-layout-9d6595d7 wp-block-columns-is-layout-flex\">\n<div class=\"wp-block-column is-layout-flow wp-block-column-is-layout-flow\">\n<div class=\"wp-block-buttons is-layout-flex wp-block-buttons-is-layout-flex\">\n<div class=\"wp-block-button\"><a class=\"wp-block-button__link has-cyan-bluish-gray-background-color has-background wp-element-button\" style=\"font-style:normal;font-weight:500\">T\u00eate Frais\u00e9e \u00e0 Empreinte Fendue    DIN 963 Zingu\u00e9<\/a><\/div>\n<\/div>\n\n\n<div class=\"wp-block-image\">\n<figure class=\"aligncenter size-full is-resized\"><img loading=\"lazy\" decoding=\"async\" width=\"800\" height=\"800\" src=\"http:\/\/agrimott.fr\/wp-content\/uploads\/2024\/12\/media.webp\" alt=\"\" class=\"wp-image-321\" style=\"width:250px\" srcset=\"http:\/\/agrimott.fr\/wp-content\/uploads\/2024\/12\/media.webp 800w, http:\/\/agrimott.fr\/wp-content\/uploads\/2024\/12\/media-300x300.webp 300w, http:\/\/agrimott.fr\/wp-content\/uploads\/2024\/12\/media-150x150.webp 150w, http:\/\/agrimott.fr\/wp-content\/uploads\/2024\/12\/media-768x768.webp 768w\" sizes=\"auto, (max-width: 800px) 100vw, 800px\" \/><\/figure>\n<\/div><\/div>\n\n\n\n<div class=\"wp-block-column is-layout-flow wp-block-column-is-layout-flow\">\n<div class=\"wp-block-buttons is-layout-flex wp-block-buttons-is-layout-flex\">\n<div class=\"wp-block-button\"><a class=\"wp-block-button__link has-pale-cyan-blue-background-color has-background wp-element-button\" style=\"font-style:normal;font-weight:500\">T\u00eate Frais\u00e9e \u00e0 empreinte Fendue DIN 963 INOX A2<\/a><\/div>\n<\/div>\n\n\n<div class=\"wp-block-image\">\n<figure class=\"aligncenter size-full is-resized\"><img loading=\"lazy\" decoding=\"async\" width=\"800\" height=\"800\" src=\"http:\/\/agrimott.fr\/wp-content\/uploads\/2025\/04\/tornillo-inox-a-2-din-963-4x10mm-cabeza-plana.jpg\" alt=\"\" class=\"wp-image-1144\" style=\"width:250px\" srcset=\"http:\/\/agrimott.fr\/wp-content\/uploads\/2025\/04\/tornillo-inox-a-2-din-963-4x10mm-cabeza-plana.jpg 800w, http:\/\/agrimott.fr\/wp-content\/uploads\/2025\/04\/tornillo-inox-a-2-din-963-4x10mm-cabeza-plana-300x300.jpg 300w, http:\/\/agrimott.fr\/wp-content\/uploads\/2025\/04\/tornillo-inox-a-2-din-963-4x10mm-cabeza-plana-150x150.jpg 150w, http:\/\/agrimott.fr\/wp-content\/uploads\/2025\/04\/tornillo-inox-a-2-din-963-4x10mm-cabeza-plana-768x768.jpg 768w\" sizes=\"auto, (max-width: 800px) 100vw, 800px\" \/><\/figure>\n<\/div><\/div>\n\n\n\n<div class=\"wp-block-column is-layout-flow wp-block-column-is-layout-flow\">\n<div class=\"wp-block-buttons is-layout-flex wp-block-buttons-is-layout-flex\">\n<div class=\"wp-block-button\"><a class=\"wp-block-button__link has-vivid-cyan-blue-background-color has-background wp-element-button\" style=\"font-style:normal;font-weight:500\">T\u00eate Frais\u00e9e  \u00e0 empreinte Fendue DIN 963 INOX A4<\/a><\/div>\n<\/div>\n\n\n<div class=\"wp-block-image\">\n<figure class=\"aligncenter size-full is-resized\"><img loading=\"lazy\" decoding=\"async\" width=\"800\" height=\"800\" src=\"http:\/\/agrimott.fr\/wp-content\/uploads\/2025\/04\/tornillo-inox-a-2-din-963-4x10mm-cabeza-plana.jpg\" alt=\"\" class=\"wp-image-1144\" style=\"width:250px\" srcset=\"http:\/\/agrimott.fr\/wp-content\/uploads\/2025\/04\/tornillo-inox-a-2-din-963-4x10mm-cabeza-plana.jpg 800w, http:\/\/agrimott.fr\/wp-content\/uploads\/2025\/04\/tornillo-inox-a-2-din-963-4x10mm-cabeza-plana-300x300.jpg 300w, http:\/\/agrimott.fr\/wp-content\/uploads\/2025\/04\/tornillo-inox-a-2-din-963-4x10mm-cabeza-plana-150x150.jpg 150w, http:\/\/agrimott.fr\/wp-content\/uploads\/2025\/04\/tornillo-inox-a-2-din-963-4x10mm-cabeza-plana-768x768.jpg 768w\" sizes=\"auto, (max-width: 800px) 100vw, 800px\" \/><\/figure>\n<\/div><\/div>\n<\/div>\n\n\n\n<p class=\"has-text-align-center has-medium-font-size\"><strong>Fiche Technique DIN 963<\/strong><\/p>\n\n\n<div class=\"wp-block-image\">\n<figure class=\"aligncenter size-full is-resized\"><img loading=\"lazy\" decoding=\"async\" width=\"474\" height=\"628\" src=\"http:\/\/agrimott.fr\/wp-content\/uploads\/2025\/02\/OIP-22.jpg\" alt=\"\" class=\"wp-image-483\" style=\"width:731px;height:auto\" srcset=\"http:\/\/agrimott.fr\/wp-content\/uploads\/2025\/02\/OIP-22.jpg 474w, http:\/\/agrimott.fr\/wp-content\/uploads\/2025\/02\/OIP-22-226x300.jpg 226w\" sizes=\"auto, (max-width: 474px) 100vw, 474px\" \/><\/figure>\n<\/div>","protected":false},"excerpt":{"rendered":"<p>Fiche Technique DIN 965 Fiche Technique DIN 963<\/p>\n","protected":false},"author":1,"featured_media":0,"parent":0,"menu_order":0,"comment_status":"closed","ping_status":"closed","template":"","meta":{"footnotes":""},"class_list":["post-336","page","type-page","status-publish","hentry"],"yoast_head":"<!-- This site is optimized with the Yoast SEO plugin v23.9 - https:\/\/yoast.com\/wordpress\/plugins\/seo\/ -->\n<title>Vis M\u00e9taux \u00e0 T\u00eate Frais\u00e9e - AGRIMOTT<\/title>\n<meta name=\"robots\" content=\"noindex, follow, max-snippet:-1, max-image-preview:large, max-video-preview:-1\" \/>\n<meta property=\"og:locale\" content=\"fr_FR\" \/>\n<meta property=\"og:type\" content=\"article\" \/>\n<meta property=\"og:title\" content=\"Vis M\u00e9taux \u00e0 T\u00eate Frais\u00e9e - AGRIMOTT\" \/>\n<meta property=\"og:description\" content=\"Fiche Technique DIN 965 Fiche Technique DIN 963\" \/>\n<meta property=\"og:url\" content=\"http:\/\/agrimott.fr\/index.php\/vis-a-empreinte-cruciforme\/\" \/>\n<meta property=\"og:site_name\" content=\"AGRIMOTT\" \/>\n<meta property=\"article:modified_time\" content=\"2025-06-05T14:32:59+00:00\" \/>\n<meta property=\"og:image\" content=\"http:\/\/agrimott.fr\/wp-content\/uploads\/2024\/12\/vis-tete-fraisee-empreinte-philips-zingue-din-965.png\" \/>\n<meta name=\"twitter:card\" content=\"summary_large_image\" \/>\n<meta name=\"twitter:label1\" content=\"Dur\u00e9e de lecture estim\u00e9e\" \/>\n\t<meta name=\"twitter:data1\" content=\"3 minutes\" \/>\n<script type=\"application\/ld+json\" class=\"yoast-schema-graph\">{\"@context\":\"https:\/\/schema.org\",\"@graph\":[{\"@type\":\"WebPage\",\"@id\":\"http:\/\/agrimott.fr\/index.php\/vis-a-empreinte-cruciforme\/\",\"url\":\"http:\/\/agrimott.fr\/index.php\/vis-a-empreinte-cruciforme\/\",\"name\":\"Vis M\u00e9taux \u00e0 T\u00eate Frais\u00e9e - AGRIMOTT\",\"isPartOf\":{\"@id\":\"http:\/\/agrimott.fr\/#website\"},\"primaryImageOfPage\":{\"@id\":\"http:\/\/agrimott.fr\/index.php\/vis-a-empreinte-cruciforme\/#primaryimage\"},\"image\":{\"@id\":\"http:\/\/agrimott.fr\/index.php\/vis-a-empreinte-cruciforme\/#primaryimage\"},\"thumbnailUrl\":\"http:\/\/agrimott.fr\/wp-content\/uploads\/2024\/12\/vis-tete-fraisee-empreinte-philips-zingue-din-965.png\",\"datePublished\":\"2024-12-20T11:11:47+00:00\",\"dateModified\":\"2025-06-05T14:32:59+00:00\",\"breadcrumb\":{\"@id\":\"http:\/\/agrimott.fr\/index.php\/vis-a-empreinte-cruciforme\/#breadcrumb\"},\"inLanguage\":\"fr-FR\",\"potentialAction\":[{\"@type\":\"ReadAction\",\"target\":[\"http:\/\/agrimott.fr\/index.php\/vis-a-empreinte-cruciforme\/\"]}]},{\"@type\":\"ImageObject\",\"inLanguage\":\"fr-FR\",\"@id\":\"http:\/\/agrimott.fr\/index.php\/vis-a-empreinte-cruciforme\/#primaryimage\",\"url\":\"http:\/\/agrimott.fr\/wp-content\/uploads\/2024\/12\/vis-tete-fraisee-empreinte-philips-zingue-din-965.png\",\"contentUrl\":\"http:\/\/agrimott.fr\/wp-content\/uploads\/2024\/12\/vis-tete-fraisee-empreinte-philips-zingue-din-965.png\",\"width\":660,\"height\":660},{\"@type\":\"BreadcrumbList\",\"@id\":\"http:\/\/agrimott.fr\/index.php\/vis-a-empreinte-cruciforme\/#breadcrumb\",\"itemListElement\":[{\"@type\":\"ListItem\",\"position\":1,\"name\":\"Accueil\",\"item\":\"http:\/\/agrimott.fr\/\"},{\"@type\":\"ListItem\",\"position\":2,\"name\":\"Vis M\u00e9taux \u00e0 T\u00eate Frais\u00e9e\"}]},{\"@type\":\"WebSite\",\"@id\":\"http:\/\/agrimott.fr\/#website\",\"url\":\"http:\/\/agrimott.fr\/\",\"name\":\"AGRIMOTT\",\"description\":\"\",\"publisher\":{\"@id\":\"http:\/\/agrimott.fr\/#organization\"},\"potentialAction\":[{\"@type\":\"SearchAction\",\"target\":{\"@type\":\"EntryPoint\",\"urlTemplate\":\"http:\/\/agrimott.fr\/?s={search_term_string}\"},\"query-input\":{\"@type\":\"PropertyValueSpecification\",\"valueRequired\":true,\"valueName\":\"search_term_string\"}}],\"inLanguage\":\"fr-FR\"},{\"@type\":\"Organization\",\"@id\":\"http:\/\/agrimott.fr\/#organization\",\"name\":\"AGRIMOTT\",\"url\":\"http:\/\/agrimott.fr\/\",\"logo\":{\"@type\":\"ImageObject\",\"inLanguage\":\"fr-FR\",\"@id\":\"http:\/\/agrimott.fr\/#\/schema\/logo\/image\/\",\"url\":\"http:\/\/agrimott.fr\/wp-content\/uploads\/2024\/11\/cropped-LOGO-AGRIMOTT-NOIR-TRANSPARENT-SLOGAN.png\",\"contentUrl\":\"http:\/\/agrimott.fr\/wp-content\/uploads\/2024\/11\/cropped-LOGO-AGRIMOTT-NOIR-TRANSPARENT-SLOGAN.png\",\"width\":2997,\"height\":1498,\"caption\":\"AGRIMOTT\"},\"image\":{\"@id\":\"http:\/\/agrimott.fr\/#\/schema\/logo\/image\/\"}}]}<\/script>\n<!-- \/ Yoast SEO plugin. -->","yoast_head_json":{"title":"Vis M\u00e9taux \u00e0 T\u00eate Frais\u00e9e - AGRIMOTT","robots":{"index":"noindex","follow":"follow","max-snippet":"max-snippet:-1","max-image-preview":"max-image-preview:large","max-video-preview":"max-video-preview:-1"},"og_locale":"fr_FR","og_type":"article","og_title":"Vis M\u00e9taux \u00e0 T\u00eate Frais\u00e9e - AGRIMOTT","og_description":"Fiche Technique DIN 965 Fiche Technique DIN 963","og_url":"http:\/\/agrimott.fr\/index.php\/vis-a-empreinte-cruciforme\/","og_site_name":"AGRIMOTT","article_modified_time":"2025-06-05T14:32:59+00:00","og_image":[{"url":"http:\/\/agrimott.fr\/wp-content\/uploads\/2024\/12\/vis-tete-fraisee-empreinte-philips-zingue-din-965.png"}],"twitter_card":"summary_large_image","twitter_misc":{"Dur\u00e9e de lecture estim\u00e9e":"3 minutes"},"schema":{"@context":"https:\/\/schema.org","@graph":[{"@type":"WebPage","@id":"http:\/\/agrimott.fr\/index.php\/vis-a-empreinte-cruciforme\/","url":"http:\/\/agrimott.fr\/index.php\/vis-a-empreinte-cruciforme\/","name":"Vis M\u00e9taux \u00e0 T\u00eate Frais\u00e9e - AGRIMOTT","isPartOf":{"@id":"http:\/\/agrimott.fr\/#website"},"primaryImageOfPage":{"@id":"http:\/\/agrimott.fr\/index.php\/vis-a-empreinte-cruciforme\/#primaryimage"},"image":{"@id":"http:\/\/agrimott.fr\/index.php\/vis-a-empreinte-cruciforme\/#primaryimage"},"thumbnailUrl":"http:\/\/agrimott.fr\/wp-content\/uploads\/2024\/12\/vis-tete-fraisee-empreinte-philips-zingue-din-965.png","datePublished":"2024-12-20T11:11:47+00:00","dateModified":"2025-06-05T14:32:59+00:00","breadcrumb":{"@id":"http:\/\/agrimott.fr\/index.php\/vis-a-empreinte-cruciforme\/#breadcrumb"},"inLanguage":"fr-FR","potentialAction":[{"@type":"ReadAction","target":["http:\/\/agrimott.fr\/index.php\/vis-a-empreinte-cruciforme\/"]}]},{"@type":"ImageObject","inLanguage":"fr-FR","@id":"http:\/\/agrimott.fr\/index.php\/vis-a-empreinte-cruciforme\/#primaryimage","url":"http:\/\/agrimott.fr\/wp-content\/uploads\/2024\/12\/vis-tete-fraisee-empreinte-philips-zingue-din-965.png","contentUrl":"http:\/\/agrimott.fr\/wp-content\/uploads\/2024\/12\/vis-tete-fraisee-empreinte-philips-zingue-din-965.png","width":660,"height":660},{"@type":"BreadcrumbList","@id":"http:\/\/agrimott.fr\/index.php\/vis-a-empreinte-cruciforme\/#breadcrumb","itemListElement":[{"@type":"ListItem","position":1,"name":"Accueil","item":"http:\/\/agrimott.fr\/"},{"@type":"ListItem","position":2,"name":"Vis M\u00e9taux \u00e0 T\u00eate Frais\u00e9e"}]},{"@type":"WebSite","@id":"http:\/\/agrimott.fr\/#website","url":"http:\/\/agrimott.fr\/","name":"AGRIMOTT","description":"","publisher":{"@id":"http:\/\/agrimott.fr\/#organization"},"potentialAction":[{"@type":"SearchAction","target":{"@type":"EntryPoint","urlTemplate":"http:\/\/agrimott.fr\/?s={search_term_string}"},"query-input":{"@type":"PropertyValueSpecification","valueRequired":true,"valueName":"search_term_string"}}],"inLanguage":"fr-FR"},{"@type":"Organization","@id":"http:\/\/agrimott.fr\/#organization","name":"AGRIMOTT","url":"http:\/\/agrimott.fr\/","logo":{"@type":"ImageObject","inLanguage":"fr-FR","@id":"http:\/\/agrimott.fr\/#\/schema\/logo\/image\/","url":"http:\/\/agrimott.fr\/wp-content\/uploads\/2024\/11\/cropped-LOGO-AGRIMOTT-NOIR-TRANSPARENT-SLOGAN.png","contentUrl":"http:\/\/agrimott.fr\/wp-content\/uploads\/2024\/11\/cropped-LOGO-AGRIMOTT-NOIR-TRANSPARENT-SLOGAN.png","width":2997,"height":1498,"caption":"AGRIMOTT"},"image":{"@id":"http:\/\/agrimott.fr\/#\/schema\/logo\/image\/"}}]}},"_links":{"self":[{"href":"http:\/\/agrimott.fr\/index.php\/wp-json\/wp\/v2\/pages\/336","targetHints":{"allow":["GET"]}}],"collection":[{"href":"http:\/\/agrimott.fr\/index.php\/wp-json\/wp\/v2\/pages"}],"about":[{"href":"http:\/\/agrimott.fr\/index.php\/wp-json\/wp\/v2\/types\/page"}],"author":[{"embeddable":true,"href":"http:\/\/agrimott.fr\/index.php\/wp-json\/wp\/v2\/users\/1"}],"replies":[{"embeddable":true,"href":"http:\/\/agrimott.fr\/index.php\/wp-json\/wp\/v2\/comments?post=336"}],"version-history":[{"count":9,"href":"http:\/\/agrimott.fr\/index.php\/wp-json\/wp\/v2\/pages\/336\/revisions"}],"predecessor-version":[{"id":1337,"href":"http:\/\/agrimott.fr\/index.php\/wp-json\/wp\/v2\/pages\/336\/revisions\/1337"}],"wp:attachment":[{"href":"http:\/\/agrimott.fr\/index.php\/wp-json\/wp\/v2\/media?parent=336"}],"curies":[{"name":"wp","href":"https:\/\/api.w.org\/{rel}","templated":true}]}}